e
Is 1071473 prime?
False
Is 4723981 prime?
True
Is 14874641 composite?
True
Is 1401923 prime?
False
Is 4708403 a prime number?
False
Is 1724843 prime?
True
Is 128831 prime?
True
Is 12415111 prime?
False
Is 3615049 a prime number?
False
Is 40671133 a prime number?
True
Is 2501039 prime?
False
Is 168722443 a prime number?
True
Is 277720943 a composite number?
True
Is 242970037 prime?
False
Is 12456943 composite?
False
Is 7435801 composite?
True
Is 23267863 prime?
True
Is 21543173 a prime number?
True
Is 6743353 a prime number?
True
Is 2137129 composite?
True
Is 37561019 composite?
True
Is 206684563 a prime number?
True
Is 91053553 prime?
False
Is 17746991 a prime number?
True
Is 9693161 prime?
False
Is 1294269529 a composite number?
True
Is 3839113 a prime number?
True
Is 74878205 a composite number?
True
Is 2116129 composite?
False
Is 890501 prime?
True
Is 8328761 a composite number?
True
Is 25960109 a prime number?
False
Is 1850411 composite?
True
Is 1147919207 prime?
True
Is 48110063 composite?
True
Is 50343547 prime?
False
Is 267596071 a prime number?
True
Is 1495751 composite?
False
Is 12776669 composite?
True
Is 222251251 a prime number?
False
Is 59400017 a composite number?
False
Is 20347021 composite?
False
Is 19753393 prime?
False
Is 907302415 a composite number?
True
Is 1399261 prime?
True
Is 8680099 a prime number?
True
Is 775361617 a prime number?
False
Is 1661071 prime?
False
Is 2169957 a prime number?
False
Is 83475179 a composite number?
False
Is 1144823 a prime number?
True
Is 736508809 a composite number?
False
Is 1759607 composite?
False
Is 135535801 composite?
False
Is 2390833 a prime number?
False
Is 5122069 composite?
False
Is 13595599 a composite number?
True
Is 2730523 prime?
False
Is 5786411 a composite number?
False
Is 2655973 a composite number?
False
Is 15534437 prime?
False
Is 153293489 a composite number?
False
Is 2150147 composite?
True
Is 205256803 prime?
True
Is 181587163 a composite number?
False
Is 32532217 prime?
False
Is 29997389 a prime number?
True
Is 70695083 composite?
True
Is 37650559 composite?
False
Is 9313631 a prime number?
True
Is 9074539 a composite number?
True
Is 1565367 prime?
False
Is 45111109 prime?
False
Is 15710791 composite?
False
Is 255989597 prime?
False
Is 285449 a composite number?
True
Is 11689661 a composite number?
False
Is 47130959 a prime number?
True
Is 3543121 a prime number?
False
Is 5349451 composite?
False
Is 36729943 composite?
False
Is 13234159 prime?
False
Is 648191693 a composite number?
False
Is 134839918 prime?
False
Is 4643929 a composite number?
True
Is 90738383 a composite number?
False
Is 366728111 composite?
False
Is 11755223 prime?
True
Is 8125561 composite?
False
Is 5010169 a composite number?
False
Is 1238597 composite?
False
Is 11501741 prime?
False
Is 18361271 prime?
True
Is 5166827 a composite number?
True
Is 17926 a prime number?
False
Is 53203 composite?
True
Is 29874619 a prime number?
False
Is 63455461 a prime number?
True
Is 3824297 composite?
False
Is 23103287 prime?
True
Is 4581406 composite?
True
Is 483852757 prime?
False
Is 94295477 prime?
True
Is 312961557 a prime number?
False
Is 72533 a composite number?
False
Is 209103397 a prime number?
True
Is 526007 prime?
False
Is 10916341 composite?
True
Is 6830777 prime?
True
Is 128927599 prime?
True
Is 6716159 prime?
False
Is 485503 prime?
False
Is 110436709 a prime number?
False
Is 355633 a composite number?
False
Is 1505615 prime?
False
Is 72160709 composite?
True
Is 46835527 a composite number?
True
Is 998377 composite?
False
Is 444671 composite?
False
Is 25244837 a composite number?
False
Is 107986031 a prime number?
False
Is 1052309 a prime number?
True
Is 1574791 composite?
False
Is 157652923 prime?
True
Is 157957 a composite number?
True
Is 24192899 a composite number?
False
Is 14490394 prime?
False
Is 36234911 composite?
False
Is 13587599 composite?
False
Is 27719 prime?
False
Is 10265419 prime?
False
Is 11911901 composite?
True
Is 321274289 prime?
False
Is 7412771 a composite number?
False
Is 3957799 a prime number?
True
Is 17638189 composite?
True
Is 17683817 prime?
False
Is 4702349 composite?
False
Is 161541847 prime?
False
Is 10524251 a prime number?
True
Is 213305603 a prime number?
False
Is 16001455 prime?
False
Is 415979411 prime?
True
Is 5335657 a prime number?
True
Is 659124055 a prime number?
False
Is 60857473 a prime number?
False
Is 2754847 composite?
False
Is 10320841 a prime number?
False
Is 49657898 prime?
False
Is 331775677 prime?
True
Is 21362941 a composite number?
False
Is 27912917 prime?
True
Is 1004221 a prime number?
True
Is 27517907 a prime number?
False
Is 1256883 prime?
False
Is 11688899 prime?
False
Is 195349685 a prime number?
False
Is 41171479 composite?
True
Is 3431633 composite?
True
Is 7038881 composite?
True
Is 23466379 composite?
False
Is 430117 composite?
True
Is 95524833 a prime number?
False
Is 5377807 a composite number?
False
Is 3552023 a composite number?
False
Is 9798847 composite?
False
Is 2349187 composite?
True
Is 275694941 composite?
False
Is 13187171 composite?
False
Is 102175841 a prime number?
True
Is 5640647 a prime number?
False
Is 64526929 a composite number?
False
Is 1121956585 composite?
True
Is 4366369 a composite number?
True
Is 2548157 a composite number?
False
Is 23229209 a composite number?
False
Is 295009159 a prime number?
True
Is 201548723 prime?
True
Is 374953 composite?
False
Is 493433 prime?
True
Is 44457841 a prime number?
False
Is 2189089 a prime number?
False
Is 3005747 a prime number?
True
Is 914911961 prime?
False
Is 5564977 a composite number?
True
Is 484690193 a prime number?
False
Is 3927419 a prime number?
True
Is 11166697 a composite number?
False
Is 14779451 a composite number?
False
Is 22211935 composite?
True
Is 391610579 prime?
False
Is 2209579 a composite number?
False
Is 107072113 a prime number?
True
Is 4736267 a composite number?
True
Is 3257359 composite?
True
Is 28351721 composite?
True
Is 37951619 a prime number?
True
Is 8148149 a prime number?
False
Is 4380751 composite?
False
Is 33539455 composite?
True
Is 9884383 a composite number?
False
Is 3024599 prime?
True
Is 38348283 prime?
False
Is 2461663 a prime number?
False
Is 10216939 prime?
False
Is 352691 a composite number?
False
Is 251509058 prime?
False
Is 2024705 a composite number?
True
Is 296881883 a prime number?
False
Is 2466841 prime?
False
Is 4020563 composite?
False
Is 167220329 a prime number?
True
Is 15830879 prime?
False
Is 32295889 prime?
True
Is 62493763 a prime number?
True
Is 3236521 a prime number?
False
Is 2577149 prime?
False
Is 32920509 a composite number?
True
Is 51921059 composite?
False
Is 28172983 a composite number?
False
Is 62242 prime?
False
Is 41418479 prime?
True
Is 222402659 a prime number?
False
Is 105566509 a composite number?
False
Is 858179 a composite number?
True
Is 1684271 a composite number?
True
Is 3463417 prime?
False
Is 25471301 a composite number?
False
Is 120267041 a composite number?
False
Is 174354403 composite?
False
Is 30243011 a prime number?
False
Is 5308489 prime?
False
Is 26078797 a prime number?
False
Is 83810171 composite?
False
Is 4048549 prime?
True
Is 10037267 composite?
False
Is 1659323 a composite number?
False
Is 870967 prime?
True
Is 7518451 a prime number?
False
Is 2670781 a prime number?
False
Is 7707403 a composite number?
True
Is 38562061 prime?
True
Is 847897 a composite number?
True
Is 8567009 a prime number?
False
Is 3072403 prime?
True
Is 1194329 a composite number?
False
Is 32133851 prime?
True
Is 249259735 a composite number?
True
Is 49454387 prime?
False
Is 17163941 composite?
False
Is 3081901 a prime number?
True
Is 1335233 a prime number?
True
Is 58063 composite?
True
Is 135598829 a composite number?
False
Is 1206377 prime?
True
Is 132969169 a composite number?
True
Is 6990409 composite?
True
Is 18040169 a composite number?
True
Is 4000037 a composite number?
False
Is 13550197 a composite number?
True
Is 3229267 a prime number?
True
Is 141311 a composite number?
False
Is 94148051 composite?
False
Is 86357695 prime?
False
Is 2677021 a composite number?
True
Is 58673387 prime?
False
Is 22825459 prime?
False
Is 6999241 a prime number?
True
Is 22086934 prime?
False
Is 168727877 a composite nu